e factors of k.
2, 13
Suppose 2*l + 44*l - 104696 = 0. What are the prime factors of l?
2, 569
Let p = 754 + -727. What are the prime factors of ((-9)/p)/(1/(-2139))?
23, 31
Let u be 5/((-2)/(1 - 3)). Suppose -4*m + 344 = 3*y, 5*m + 75 = y + 505. What are the prime factors of m - (-4 + u) - 3?
2, 41
What are the prime factors of 22/44*(-10140)/(-2 - 0)?
3, 5, 13
Let p(t) be the third derivative of 7*t**5/15 - 5*t**4/12 + 11*t**3/3 + 18*t**2. What are the prime factors of p(4)?
2, 5, 43
Let l(k) = -k**3 + 23*k**2 + 47*k - 202. What are the prime factors of l(10)?
2, 7
Suppose -274*w + 124129 = -272*w + 3*b, -2*b - 62047 = -w. List the prime factors of w.
62057
Suppose 8*x - 1473 = -225. Let y = x + -2. List the prime factors of y.
2, 7, 11
Let s(p) = -12 - 3*p**2 + 9 + 10*p + 3*p**2 - p**2. Let a be s(3). Suppose -45 = 15*r - a*r. List the prime factors of r.
3, 5
Let j = 13249 - -2983. List the prime factors of j.
2, 2029
Let p(r) = r**3 - 8*r**2 - 9*r. Let j be p(9). Suppose j*l - q = 4*l + 19, -l + 5*q = -11. List the prime factors of 2/l + 2093/46.
3, 5
Let f = -30609 + 45761. List the prime factors of f.
2, 947
Let g be 74/(-10) - 126/210. List the prime factors of (444/14)/(-4*g/224).
2, 3, 37
What are the prime factors of (-138)/9*-108*(-4)/((-56)/77)?
2, 3, 11, 23
Let k = 405 + 1675. What are the prime factors of k?
2, 5, 13
Let k(m) = -10*m**2 - 5*m - 159. Let x be k(-13). Let o = 2632 + x. List the prime factors of o.
2, 53
Suppose -4*a + 105530 = 3*r, 104*r = -a + 100*r + 26402. What are the prime factors of a?
2, 11, 109
Let p(y) = -42 - 69*y + 32 - 40. List the prime factors of p(-4).
2, 113
Suppose -7*n + 3*n + 2*b = -920, -b = 4. Suppose 0 = g + 2*g - n. Let l = 50 + g. What are the prime factors of l?
2, 3, 7
List the prime factors of (-66)/((-11712)/61512 + 4/22).
3, 11, 233
Suppose -d - 6 = -3*n + 2*d, 4*n - 5*d = 4. Let r(q) = q**2 - 8*q + 14. Let k be r(n). What are the prime factors of (k/3)/(3 + (-2120)/708)?
2, 59
Let t be (30 + -20)*2/10. Suppose 4*v + 18 = 2*f, -2 = t*v - 0. Suppose -f*l + 2*l = -420. What are the prime factors of l?
2, 3, 7
Let p = 410 - 403. Suppose -p*t + 761 + 3950 = 0. List the prime factors of t.
673
Let b(u) = -1365*u + 210. List the prime factors of b(-3).
3, 5, 7, 41
Let k(m) be the third derivative of 3*m**4/4 - 20*m**3/3 - 23*m**2. Let t(d) = 2*d + 8. Let l be t(0). What are the prime factors of k(l)?
2, 13
Suppose 0 = 3*f - 15, m + 3*f = -0*f + 459. Suppose -2*j - 2*b = -382, 4*j - 5*b - m = 311. What are the prime factors of j?
2, 5, 19
Suppose 67*w = 72*w - 20. Suppose -5*o + 121 = -2*u - 37, w*u = 4*o - 124. Suppose 0 = a + o - 207. What are the prime factors of a?
5, 7
Suppose -4*u + 97 = o, -4*o - 5*u = 241 - 651. Let s = o + -105. Suppose 4*p - 171 - 177 = s. What are the prime factors of p?
3, 29
Let m(g) = 4*g**3 + 3*g**2 - g. Let o be m(-2). List the prime factors of (-9)/6*6324/o.
17, 31
Let x be (-24)/(-20)*(8/6 - -2). Suppose -1582 = -o + 4*v, -x*v - 5 = 15. Suppose -11*z = -0*z - o. List the prime factors of z.
2, 71
Suppose -4*y = -22 + 6. Suppose 0 = 2*x + 4 + 2, 0 = 3*c - 2*x + 18. What are the prime factors of 1*y/c*-54?
3
Let q be (-8)/2 + (13 - 0). Suppose 6*t = q*t - 777. Suppose 119 = 2*z - g - 4*g, 0 = -4*z + 3*g + t. List the prime factors of z.
67
Suppose -186092 = -28*r + 381412. List the prime factors of r.
2, 3, 563
Let z be (8/(-6))/((-148)/111)*-70. Suppose 2*f - f = -132. Let s = z - f. What are the prime factors of s?
2, 31
Let h(u) = -u**2 - 2*u + 22. Let g be h(-5). Suppose k - 387 = -5*a, g*a - 3*a - 318 = 2*k. What are the prime factors of a?
2, 3, 13
Let p(j) = -j**2 - 18*j - 42. Let w be p(-14). Suppose -34 = -w*o + 36. Suppose o*a - 29 = 4*a. List the prime factors of a.
29
Suppose 0 = -4*y - 9*y + 26. Let l be (-1)/y*(-5 + 5)/(-1). Suppose 178 = 2*i + f + f, l = -5*f + 25. What are the prime factors of i?
2, 3, 7
Let q(u) be the third derivative of u**6/120 - u**5/10 + 7*u**4/24 - 2*u**2. Let w be q(4). List the prime factors of w + (-4 - (-77 - 1)).
2, 5, 7
Let a(o) = o**2 - o - 2. Suppose c - 4 = 2*l, l + 4*c = 4*l + 11. Let q be a(l). Suppose -4 = 4*h, q = -i + 3*h - 7*h + 125. What are the prime factors of i?
3, 43
Suppose 0 = -4*g - 4, 0 = 15*f - 16*f - 4*g + 12402. What are the prime factors of f?
2, 6203
Suppose 70*a = 56*a - 53298. Let j = 5354 + a. What are the prime factors of j?
7, 13, 17
Let o(g) = g**3 + 75*g**2 + 112*g + 628. What are the prime factors of o(-70)?
2, 2161
Let q(n) = 3*n - 17. Let u be (2/3)/(16/360). Let m be q(u). Suppose -25*w - 57 = -m*w. What are the prime factors of w?
19
Suppose j - 6*j = -3*j. Suppose -695 = -4*y + d, y + 5*d = -j*d + 200. Let i = y + -96. What are the prime factors of i?
79
Suppose -16 = -5*l + 3*p, -2*l - 4*p + 7 = -15. Suppose 3*t - 3*v = 345, 5*v + 69 = -l*t + 654. List the prime factors of t.
2, 29
List the prime factors of 6*(14 + (-46140)/(-24)).
3, 1291
Let o(y) = -y + 144. Let j(n) = -2*n + 214. Let f(u) = 5*j(u) - 7*o(u). List the prime factors of f(12).
2, 13
Let g be ((-3)/(-6))/(2/464). Let n = -2547 - -2606. Let i = g + n. List the prime factors of i.
5, 7
Let m(d) = d**3 + 7*d**2 + 6*d + 5. Let v be m(-6). Suppose 0 = -6*c + v*c + 3. Suppose 2*q = n + 140, -c*q + 0*q + 2*n = -211. What are the prime factors of q?
3, 23
Suppose -28 = 5*c + 22. Let u = -5 - c. Let n(s) = 2*s**2 - 6*s - 2. List the prime factors of n(u).
2, 3
Suppose 15*s = -247 + 307. Suppose -5*t - s*y = -5756 + 1736, 3*y = -t + 815. List the prime factors of t.
2, 5
Suppose 7*a = -10*a + 28*a - 443993. List the prime factors of a.
181, 223
Let a = 226 + -230. What are the prime factors of -7 - a*102/12?
3
Let g be (-1)/((-5)/6190*(-2)/(-2)). Suppose -4*s = 38 - g. What are the prime factors of s?
2, 3, 5
List the prime factors of ((-12684)/(-10))/(646/4845).
3, 7, 151
Let r(u) = -97*u + 1. Let l be r(-1). Let n(j) = 2*j**2 + 88*j + 745. Let o be n(-33). Let z = o + l. What are the prime factors of z?
3, 13
Let o = -4639 - -7111. Let m = o + -1744. What are the prime factors of m?
2, 7, 13
Let y = 38125 - 26164. What are the prime factors of y?
3, 443
Suppose 4*d + 23 = -29. Let z(u) = 3*u + 79. What are the prime factors of z(d)?
2, 5
Suppose 0 = 6660*h - 6696*h + 2569392. List the prime factors of h.
2, 7, 2549
Suppose -78*x = -312*x + 3298698. What are the prime factors of x?
3, 37, 127
Suppose 5*n + 63734 - 315665 = -3*z, -4*n + 201567 = -5*z. What are the prime factors of n?
2, 3, 13, 17, 19
Let s be (-6)/2 + (10 - (-6 + 9)). Suppose -6*j + j + 1695 = 5*d, -5*j = -s*d + 1383. List the prime factors of d.
2, 3, 19
Let d(y) = y - 21. Let p be d(19). What are the prime factors of 15/p*(7 - (-442)/(-10))?
3, 31
Let q(v) = -7*v - 16. Let y(n) = 13*n + 31. Let s(h) = 11*q(h) + 6*y(h). Let p be s(-8). Suppose -p*r + 104 = 2*r. List the prime factors of r.
2, 13
Suppose 0 = 18*m - 13*m - 1140. Let k be ((3 - 2) + 3)/((-2)/(-167)). Let r = k - m. List the prime factors of r.
2, 53
List the prime factors of 4/6 - (-69856)/3.
2, 3, 3881
Let o = 53 - 98. Let j = o + 59. What are the prime factors of (-7)/j - 161/(-2)?
2, 5
Suppose -56*i + 58*i = 10. Suppose -1018 = 5*z - 10*z - 4*r, 4*z = i*r + 798. What are the prime factors of z?
2, 101
Suppose -5*a - 3*l - 681 = -232, 4*l = a + 76. Let t = -9 - -39. Let f = t - a. List the prime factors of f.
2, 59
Let m(v) = -v**3 - 22*v**2 + 72*v + 138. What are the prime factors of m(-31)?
3, 5, 19, 23
Let z(t) = t**3 + 27*t**2 + 7*t - 6. Let i be z(-18). Suppose -89*b + 97*b - i = 0. List the prime factors of b.
2, 3, 29
Let o(t) = -t**3 + t**2 + 9. Let a = -3 + 3. Suppose -2 - 3 = -5*d, a = -4*v + d - 1. List the prime factors of o(v).
3
Suppose -3*c + 4*q - 2870 = -8*c, -4*c = -3*q - 2327. What are the prime factors of c?
2, 17
Let n(b) = 463*b + 30. Suppose -32*i + 10 = -27*i, -2*v = 3*i - 8. What are the prime factors of n(v)?
17, 29
Let t(l) = -12*l - 33. Let c be t(-3). Suppose -930 = -c*o - 3*n, 0 = 4*n - 2 + 6. What are the prime factors of o?
311
Let f = 7316 + 3358. What are the prime factors of f?
2, 3, 593
Let o(r) = 80*r**2 - 9*r - 23. Let x be o(-2). Let b = x + -235. List the prime factors of b.
2, 5
Let q(o) = -o + 4. Let p(l) = 17*l + 127. Let b(f) = p(f) - 3*q(f).